SET autocommit=0;
START TRANSACTION;

INSERT INTO `contest` (`ID`, `name`, `level`, `year`, `category`, `status`, `visibility`, `closedToOfficialGroups`, `printCertificates`, `printCodes`, `startDate`, `endDate`, `certificateStringsName`, `showResults`, `askEmail`, `askZip`, `askGenre`, `askGrade`, `askStudentId`, `nbMinutes`, `bonusScore`, `allowTeamsOfTwo`, `rankGrades`, `rankNbContestants`, `fullFeedback`, `nextQuestionAuto`, `nbUnlockedTasksInitial`, `subsetsSize`, `newInterface`, `customIntro`, `folder`, `minAward1Rank`, `minAward2Rank`, `iVersion`, `open`, `showSolutions`) VALUES
(1, 'Entraînement 2011, niveau 6ème/5ème', 1, 2011, 'Castor 2011', 'PastContest', 'Visible', 1, 0, 0, NULL, NULL, NULL, 0, 0, 0, 1, 1, 0, 45, 50, 1, 0, 0, 0, 1, 4, 0, 0, NULL, '2011_6_5_axafas', NULL, NULL, 33, 'Open', 0),
(2, 'Entraînement 2011, niveau 4ème/3ème', 2, 2011, 'Castor 2011', 'PastContest', 'Visible', 1, 0, 0, NULL, NULL, NULL, 0, 0, 0, 1, 1, 0, 45, 50, 1, 0, 0, 0, 1, 4, 0, 0, NULL, '2011_4_3_bswxt', NULL, NULL, 33, 'Open', 0),
(3, 'Entraînement 2011, niveau 2nde', 3, 2011, 'Castor 2011', 'PastContest', 'Visible', 1, 0, 0, NULL, NULL, NULL, 0, 0, 0, 1, 1, 0, 45, 50, 1, 0, 0, 0, 1, 4, 0, 0, NULL, '2011_2_sptbkxr', NULL, NULL, 33, 'Open', 0),
(4, 'Entraînement 2011, niveau 1ère/terminale', 4, 2011, 'Castor 2011', 'PastContest', 'Visible', 1, 0, 0, NULL, NULL, NULL, 0, 0, 0, 1, 1, 0, 45, 50, 1, 0, 0, 0, 1, 4, 0, 0, NULL, '2011_1_0_psxtybcr', NULL, NULL, 33, 'Open', 0),
(6, 'Entraînement 2012, niveau 6ème/5ème', 1, 2012, 'Castor 2012', 'PastContest', 'Visible', 1, 0, 0, NULL, NULL, NULL, 0, 0, 0, 1, 1, 0, 45, 50, 1, 0, 0, 0, 1, 4, 0, 0, NULL, '2012_6_5_faskfjb', NULL, NULL, 33, 'Open', 0),
(7, 'Entraînement 2012, niveau 4ème/3ème', 2, 2012, 'Castor 2012', 'PastContest', 'Visible', 1, 0, 0, NULL, NULL, NULL, 0, 0, 0, 1, 1, 0, 45, 50, 1, 0, 0, 0, 1, 4, 0, 0, NULL, '2012_4_3_aftnasktj', NULL, NULL, 33, 'Open', 0),
(8, 'Entraînement 2012, niveau 2nde', 3, 2012, 'Castor 2012', 'PastContest', 'Visible', 1, 0, 0, NULL, NULL, NULL, 0, 0, 0, 1, 1, 0, 45, 50, 1, 0, 0, 0, 1, 4, 0, 0, NULL, '2012_2_saffstbb', NULL, NULL, 33, 'Open', 0),
(9, 'Entraînement 2012, niveau 1ère/terminale', 4, 2012, 'Castor 2012', 'PastContest', 'Visible', 1, 0, 0, NULL, NULL, NULL, 0, 0, 0, 1, 1, 0, 45, 50, 1, 0, 0, 0, 1, 4, 0, 0, NULL, '2012_1_0_asftan', NULL, NULL, 33, 'Open', 0),
(20, 'Entraînement 2012, tous les sujets', 0, 2012, 'Castor 2012', 'PastContest', 'Visible', 1, 0, 0, NULL, NULL, NULL, 0, 0, 0, 1, 1, 0, 60, 50, 1, 0, 0, 0, 1, 4, 0, 0, NULL, '2012_all_saftrqthj', NULL, NULL, 33, 'Open', 0),
(21, 'Entraînement 2011, tous les sujets', 0, 2011, 'Castor 2011', 'PastContest', 'Visible', 1, 0, 0, NULL, NULL, NULL, 0, 0, 0, 1, 1, 0, 60, 50, 1, 0, 0, 0, 1, 4, 0, 0, NULL, '2011_all_atskjaktb', NULL, NULL, 33, 'Open', 0),
(22, 'Entraînement 2010, tous les sujets', 0, 2010, 'Castor 2010', 'PastContest', 'Visible', 1, 0, 0, NULL, NULL, NULL, 0, 0, 0, 1, 1, 0, 60, 50, 1, 0, 0, 0, 1, 4, 0, 0, NULL, '2010_all_astanjilk', NULL, NULL, 33, 'Open', 0),
(23, 'Entraînement 2010, niveau 6ème/5ème', 1, 2010, 'Castor 2010', 'PastContest', 'Visible', 1, 0, 0, NULL, NULL, NULL, 0, 0, 0, 1, 1, 0, 45, 50, 1, 0, 0, 0, 1, 4, 0, 0, NULL, '2010_6_5_stqnisak', NULL, NULL, 33, 'Open', 0),
(24, 'Entraînement 2010, niveau 4ème/3ème', 2, 2010, 'Castor 2010', 'PastContest', 'Visible', 1, 0, 0, NULL, NULL, NULL, 0, 0, 0, 1, 1, 0, 45, 50, 1, 0, 0, 0, 1, 4, 0, 0, NULL, '2010_4_3_sapfnu', NULL, NULL, 33, 'Open', 0),
(25, 'Entraînement 2010, niveau 2nde', 3, 2010, 'Castor 2010', 'PastContest', 'Visible', 1, 0, 0, '0000-00-00 00:00:00', '0000-00-00 00:00:00', NULL, 0, 0, 0, 1, 1, 0, 46, 50, 1, 0, 0, 0, 1, 4, 0, 0, '', '2010_2_sfjiajun', NULL, NULL, 206, 'Open', 0),
(26, 'Entraînement 2010, niveau 1ère/terminale', 4, 2010, 'Castor 2010', 'PastContest', 'Visible', 1, 0, 0, '0000-00-00 00:00:00', '0000-00-00 00:00:00', NULL, 0, 0, 0, 1, 1, 0, 45, 50, 1, 0, 0, 0, 1, 4, 0, 0, '', '2010_1_0_afkfinuj', NULL, NULL, 208, 'Open', 0),
(27, 'Entraînement 2013, niveau 6ème/5ème', 1, 2013, 'Castor 2013', 'PastContest', 'Visible', 1, 0, 0, NULL, NULL, NULL, 0, 0, 0, 1, 1, 0, 45, 50, 1, 0, 0, 0, 1, 4, 0, 0, NULL, '2013_6_5_safasc', NULL, NULL, 33, 'Open', 0),
(28, 'Entraînement 2013, niveau seconde', 3, 2013, 'Castor 2013', 'PastContest', 'Visible', 1, 0, 0, NULL, NULL, NULL, 0, 0, 0, 1, 1, 0, 45, 50, 1, 0, 0, 0, 1, 4, 0, 0, NULL, '2013_2_askdnr', NULL, NULL, 33, 'Open', 0),
(29, 'Entraînement 2013, niveau 1ère/terminale', 4, 2013, 'Castor 2013', 'PastContest', 'Visible', 1, 0, 0, NULL, NULL, NULL, 0, 0, 0, 1, 1, 0, 45, 50, 1, 0, 0, 0, 1, 4, 0, 0, NULL, '2013_1_0_arokasp.1480451016', NULL, NULL, 290, 'Open', 0),
(30, 'Entraînement 2013, niveau 4ème/3ème', 2, 2013, 'Castor 2013', 'PastContest', 'Visible', 1, 0, 0, NULL, NULL, NULL, 0, 0, 0, 1, 1, 0, 45, 50, 1, 0, 0, 0, 1, 4, 0, 0, NULL, '2013_4_3_wqpeds', NULL, NULL, 33, 'Open', 0),
(31, 'Entraînement 2013, tous les sujets', 0, 2013, 'Castor 2013', 'PastContest', 'Visible', 1, 0, 0, NULL, NULL, NULL, 0, 0, 0, 1, 1, 0, 60, 50, 1, 0, 0, 0, 1, 4, 0, 0, NULL, '2013_all_aopronf.1480451025', NULL, NULL, 290, 'Open', 0),
(32, 'Entraînement 2014, niveau 6ème/5ème', 1, 2014, 'Castor 2014', 'PastContest', 'Visible', 1, 0, 0, NULL, NULL, NULL, 0, 0, 0, 1, 1, 0, 45, 0, 1, 0, 0, 1, 1, 4, 0, 0, NULL, '2014_6_5_asknnc.1478452121', 10732, 571, 271, 'Open', 0),
(33, 'Entraînement 2014, niveau 4ème/3ème', 2, 2014, 'Castor 2014', 'PastContest', 'Visible', 1, 0, 0, NULL, NULL, NULL, 0, 0, 0, 1, 1, 0, 45, 0, 1, 0, 0, 1, 1, 4, 0, 0, NULL, '2014_4_3_rqrokp', 8141, 369, 33, 'Open', 0),
(34, 'Entraînement 2014, niveau 2nde', 3, 2014, 'Castor 2014', 'PastContest', 'Visible', 1, 0, 0, NULL, NULL, NULL, 0, 0, 0, 1, 1, 0, 45, 0, 1, 0, 0, 1, 1, 4, 0, 0, NULL, '2014_2_dpsdskj', 2088, 114, 33, 'Open', 0),
(35, 'Entraînement 2014, niveau 1ère/terminale', 4, 2014, 'Castor 2014', 'PastContest', 'Visible', 1, 0, 0, NULL, NULL, NULL, 0, 0, 0, 1, 1, 0, 45, 0, 1, 0, 0, 1, 1, 4, 0, 0, NULL, '2014_1_0_dokssax', 1801, 66, 33, 'Open', 0),
(36, 'Entraînement 2014, niveau 2nde pro', 5, 2014, 'Castor 2014', 'PastContest', 'Visible', 1, 0, 0, NULL, NULL, NULL, 0, 0, 0, 1, 1, 0, 45, 0, 1, 0, 0, 1, 1, 4, 0, 0, NULL, '2014_2_pro_wirjsnkc', 36, 1, 33, 'Open', 0),
(37, 'Entraînement 2014, niveau 1ère/terminale pro', 6, 2014, 'Castor 2014', 'PastContest', 'Visible', 1, 0, 0, NULL, NULL, NULL, 0, 0, 0, 1, 1, 0, 45, 0, 1, 0, 0, 1, 1, 4, 0, 0, NULL, '2014_1_0_pro_oakdsakj', 37, 2, 33, 'Open', 0),
(51, 'Entraînement Algoréa 2015, premier tour', 0, 2015, 'Algoréa 2015 premier tour', 'PastContest', 'Visible', 1, 0, 0, NULL, NULL, NULL, 0, 0, 0, 1, 1, 0, 45, 0, 0, 1, 0, 1, 1, 4, 0, 1, NULL, '2015_algorea_1_sakjlkjk', 0, 0, 33, 'Open', 0),
(53, 'Entraînement adapté aux CM1/CM2', 0, 2014, 'Castor 2014', 'PastContest', 'Visible', 1, 0, 0, NULL, NULL, NULL, 0, 0, 0, 1, 1, 0, 45, 0, 1, 0, 0, 1, 1, 4, 0, 0, NULL, '2014_expe_primaire_a', 0, 0, 33, 'Open', 0),
(54, 'Concours Castor 2015, tous niveaux', 0, 2015, 'Castor 2015', 'PreRanking', 'Visible', 1, 1, 0, '1890-11-29 23:00:00', '1899-11-29 23:00:00', NULL, 0, 0, 0, 1, 1, 0, 45, 0, 1, 1, 1, 1, 1, 4, 0, 1, '', '2015_castor_askjksajx', 0, 0, 214, 'Open', 0),
(56, 'Entraînement 2015, tous niveaux', 0, 2015, 'Castor 2015', 'PastContest', 'Visible', 1, 0, 0, NULL, NULL, NULL, 0, 0, 0, 1, 1, 0, 45, 0, 1, 1, 1, 1, 1, 4, 0, 1, NULL, '2015_castor_ajakjtxnasj', 0, 0, 33, 'Open', 0);

--
-- Dumping data for table `contest_question`
--

INSERT INTO `contest_question` (`ID`, `contestID`, `questionID`, `minScore`, `noAnswerScore`, `maxScore`, `options`, `order`, `iVersion`) VALUES
(3, 1, 24, -2, 0, 6, '{}', 0, 33),
(6, 1, 30, -3, 0, 9, '{}', 1, 33),
(10, 1, 22, -2, 0, 6, '{}', 0, 33),
(11, 1, 19, -3, 0, 9, '{}', 1, 33),
(12, 1, 3, -2, 0, 6, '{}', 0, 33),
(13, 1, 16, -3, 0, 9, '{}', 1, 33),
(14, 1, 17, -3, 0, 9, '{}', 1, 33),
(17, 1, 27, -2, 0, 6, '{}', 0, 33),
(18, 1, 4, -4, 0, 12, '{}', 2, 33),
(19, 1, 26, -2, 0, 6, '{}', 0, 33),
(21, 10, 113, -1, 0, 3, '{}', 1, 33),
(22, 1, 1, -3, 0, 9, '{}', 1, 33),
(23, 1, 18, -2, 0, 6, '{}', 0, 33),
(24, 1, 29, -4, 0, 12, '{}', 2, 33),
(25, 1, 13, 0, 0, 9, '{}', 1, 33),
(26, 1, 28, -4, 0, 12, '{}', 2, 33),
(27, 2, 1, -2, 0, 6, '{}', 0, 33),
(28, 2, 26, -2, 0, 6, '{}', 0, 33),
(29, 2, 13, 0, 0, 6, '{}', 0, 33),
(30, 2, 27, -2, 0, 6, '{}', 0, 33),
(31, 2, 14, -3, 0, 9, '{}', 1, 33),
(32, 2, 29, -3, 0, 9, '{}', 1, 33),
(33, 2, 4, -3, 0, 9, '{}', 1, 33),
(34, 2, 16, -3, 0, 9, '{}', 1, 33),
(35, 2, 6, -3, 0, 9, '{}', 1, 33),
(36, 2, 7, -3, 0, 9, '{}', 1, 33),
(37, 2, 12, -3, 0, 9, '{}', 1, 33),
(38, 2, 2, -4, 0, 12, '{}', 2, 33),
(39, 2, 8, -4, 0, 12, '{}', 2, 33),
(40, 2, 23, -4, 0, 12, '{}', 2, 33),
(41, 3, 16, -2, 0, 6, '{}', 0, 33),
(42, 3, 26, -2, 0, 6, '{}', 0, 33),
(43, 3, 27, -2, 0, 6, '{}', 0, 33),
(44, 3, 7, -2, 0, 6, '{}', 0, 33),
(45, 3, 6, -3, 0, 9, '{}', 1, 33),
(46, 3, 12, -3, 0, 9, '{}', 1, 33),
(47, 3, 10, -3, 0, 9, '{}', 1, 33),
(48, 3, 2, -3, 0, 9, '{}', 1, 33),
(49, 3, 14, -3, 0, 9, '{}', 1, 33),
(50, 3, 33, -3, 0, 9, '{}', 1, 33),
(51, 3, 8, -3, 0, 9, '{}', 1, 33),
(52, 3, 5, -4, 0, 12, '{}', 2, 33),
(53, 3, 15, -4, 0, 12, '{}', 2, 33),
(54, 3, 9, -4, 0, 12, '{}', 2, 33),
(55, 4, 16, -2, 0, 6, '{}', 0, 33),
(56, 4, 27, -2, 0, 6, '{}', 0, 33),
(57, 4, 26, -2, 0, 6, '{}', 0, 33),
(58, 4, 21, -2, 0, 6, '{}', 0, 33),
(59, 4, 7, -2, 0, 6, '{}', 0, 33),
(60, 4, 5, -3, 0, 9, '{}', 1, 33),
(61, 4, 15, -3, 0, 9, '{}', 1, 33),
(62, 4, 6, -3, 0, 9, '{}', 1, 33),
(63, 4, 8, -3, 0, 9, '{}', 1, 33),
(64, 4, 10, -3, 0, 9, '{}', 1, 33),
(65, 4, 9, -3, 0, 9, '{}', 1, 33),
(66, 4, 29, -3, 0, 9, '{}', 1, 33),
(67, 4, 33, -4, 0, 12, '{}', 2, 33),
(68, 2, 121, -2, 0, 6, '{}', 0, 33),
(69, 3, 122, -2, 0, 6, '{}', 0, 33),
(70, 4, 122, -2, 0, 6, '{}', 0, 33),
(71, 1, 121, -2, 0, 6, '{}', 0, 33),
(72, 3, 123, -3, 0, 9, '{}', 1, 33),
(73, 4, 123, -3, 0, 9, '{}', 1, 33),
(74, 1, 124, -4, 0, 12, '{}', 2, 33),
(75, 4, 125, 0, 0, 12, '{}', 2, 33),
(76, 2, 126, -4, 0, 12, '{}', 2, 33),
(77, 3, 126, -4, 0, 12, '{}', 2, 33),
(78, 4, 126, -4, 0, 12, '{}', 2, 33),
(79, 1, 127, 0, 0, 9, '{}', 1, 33),
(80, 2, 127, 0, 0, 9, '{}', 1, 33),
(81, 3, 128, 0, 0, 14, '{}', 2, 33),
(82, 4, 128, 0, 0, 14, '{}', 2, 33),
(83, 6, 107, -3, 0, 9, '{}', 4, 33),
(84, 10, 129, 0, 0, 3, '{}', 2, 33),
(85, 10, 130, -1, 0, 3, '{}', 3, 33),
(86, 10, 101, -1, 0, 3, '{}', 4, 33),
(87, 10, 112, -1, 0, 3, '{}', 5, 33),
(88, 10, 117, -1, 0, 3, '{}', 6, 33),
(89, 10, 131, -1, 0, 3, '{}', 7, 33),
(90, 10, 132, -1, 0, 3, '{}', 8, 33),
(91, 10, 118, -1, 0, 3, '{}', 10, 33),
(92, 10, 41, -4, 0, 12, '{}', 32, 33),
(93, 10, 115, -1, 0, 3, '{}', 14, 33),
(94, 10, 105, -1, 0, 3, '{}', 11, 33),
(95, 10, 114, -1, 0, 3, '{}', 12, 33),
(96, 10, 100, -1, 0, 3, '{}', 13, 33),
(97, 10, 36, 0, 0, 12, '{}', 15, 33),
(98, 10, 133, -1, 0, 3, '{}', 16, 33),
(100, 10, 39, -1, 0, 3, '{}', 18, 33),
(101, 10, 37, -1, 0, 3, '{}', 19, 33),
(102, 10, 134, -1, 0, 3, '{}', 20, 33),
(103, 10, 111, -1, 0, 3, '{}', 21, 33),
(104, 10, 135, -1, 0, 3, '{}', 22, 33),
(105, 10, 136, -1, 0, 3, '{}', 23, 33),
(106, 10, 108, -1, 0, 3, '{}', 24, 33),
(107, 10, 103, -1, 0, 3, '{}', 25, 33),
(108, 10, 119, 0, 0, 3, '{}', 26, 33),
(109, 10, 104, -1, 0, 3, '{}', 27, 33),
(110, 10, 38, 0, 0, 9, '{}', 28, 33),
(111, 10, 34, -1, 0, 3, '{}', 29, 33),
(112, 10, 137, -1, 0, 3, '{}', 30, 33),
(113, 10, 40, -1, 0, 3, '{}', 31, 33),
(114, 10, 138, -1, 0, 3, '{}', 33, 33),
(115, 10, 116, -4, 0, 12, '{}', 34, 33),
(116, 10, 107, -1, 0, 3, '{}', 9, 33),
(117, 10, 139, -1, 0, 3, '{}', 17, 33),
(118, 6, 113, -3, 0, 9, '{}', 4, 33),
(119, 6, 129, 0, 0, 12, '{}', 6, 33),
(120, 6, 130, -2, 0, 6, '{}', 2, 33),
(121, 6, 101, -1, 0, 3, '{}', 1, 33),
(122, 6, 112, -1, 0, 3, '{}', 1, 33),
(123, 6, 117, -3, 0, 9, '{}', 4, 33),
(124, 6, 131, -1, 0, 3, '{}', 1, 33),
(125, 6, 132, -1, 0, 3, '{}', 1, 33),
(126, 6, 118, -3, 0, 9, '{}', 4, 33),
(127, 6, 100, -2, 0, 6, '{}', 2, 33),
(128, 6, 36, 0, 0, 12, '{}', 8, 33),
(129, 6, 133, -1, 0, 3, '{}', 1, 33),
(130, 6, 139, -3, 0, 9, '{}', 4, 33),
(131, 6, 37, -2, 0, 6, '{}', 3, 33),
(132, 6, 136, -2, 0, 6, '{}', 2, 33),
(133, 7, 101, -1, 0, 3, '{}', 1, 33),
(134, 7, 112, -1, 0, 3, '{}', 1, 33),
(135, 7, 117, -3, 0, 9, '{}', 5, 33),
(138, 7, 107, -2, 0, 6, '{}', 4, 33),
(139, 7, 118, -2, 0, 6, '{}', 4, 33),
(140, 7, 105, -3, 0, 9, '{}', 5, 33),
(141, 7, 114, -4, 0, 12, '{}', 7, 33),
(142, 7, 100, -1, 0, 3, '{}', 1, 33),
(143, 7, 115, -1, 0, 3, '{}', 1, 33),
(144, 7, 36, 0, 0, 12, '{}', 9, 33),
(145, 7, 133, -1, 0, 3, '{}', 1, 33),
(146, 7, 139, -2, 0, 6, '{}', 3, 33),
(147, 7, 39, -3, 0, 9, '{}', 5, 33),
(148, 7, 37, -1, 0, 3, '{}', 2, 33),
(149, 7, 111, -3, 0, 9, '{}', 5, 33),
(150, 7, 135, -4, 0, 12, '{}', 8, 33),
(151, 7, 108, -2, 0, 6, '{}', 4, 33),
(152, 8, 107, -2, 0, 6, '{}', 3, 33),
(153, 8, 118, -1, 0, 3, '{}', 1, 33),
(154, 8, 105, -2, 0, 6, '{}', 3, 33),
(155, 8, 114, -4, 0, 12, '{}', 8, 33),
(156, 8, 115, -1, 0, 3, '{}', 1, 33),
(157, 8, 36, 0, 0, 12, '{}', 10, 33),
(158, 8, 37, -1, 0, 3, '{}', 2, 33),
(159, 8, 111, -3, 0, 9, '{}', 4, 33),
(160, 8, 135, -4, 0, 12, '{}', 9, 33),
(161, 8, 108, -2, 0, 6, '{}', 3, 33),
(162, 8, 103, -3, 0, 9, '{}', 5, 33),
(163, 8, 119, 0, 0, 9, '{}', 5, 33),
(164, 8, 38, 0, 0, 9, '{}', 6, 33),
(165, 8, 34, -3, 0, 9, '{}', 4, 33),
(166, 8, 137, -1, 0, 3, '{}', 1, 33),
(167, 8, 40, -2, 0, 6, '{}', 3, 33),
(168, 8, 41, -4, 0, 12, '{}', 7, 33),
(169, 9, 118, -1, 0, 3, '{}', 1, 33),
(170, 9, 105, -2, 0, 6, '{}', 2, 33),
(171, 9, 114, -4, 0, 12, '{}', 7, 33),
(172, 9, 115, -1, 0, 3, '{}', 1, 33),
(173, 9, 36, 0, 0, 12, '{}', 10, 33),
(174, 9, 134, -2, 0, 6, '{}', 2, 33),
(175, 9, 111, -3, 0, 9, '{}', 3, 33),
(176, 9, 135, -4, 0, 12, '{}', 8, 33),
(177, 9, 108, -1, 0, 3, '{}', 1, 33),
(178, 9, 119, 0, 0, 9, '{}', 4, 33),
(179, 9, 104, -4, 0, 12, '{}', 9, 33),
(180, 9, 38, 0, 0, 9, '{}', 5, 33),
(181, 9, 34, -3, 0, 9, '{}', 3, 33),
(182, 9, 137, -1, 0, 3, '{}', 1, 33),
(183, 9, 40, -2, 0, 6, '{}', 2, 33),
(184, 9, 41, -3, 0, 9, '{}', 6, 33),
(185, 9, 138, -2, 0, 6, '{}', 2, 33),
(186, 9, 116, -4, 0, 12, '{}', 11, 33),
(187, 6, 105, -4, 0, 12, '{}', 5, 33),
(188, 6, 38, 0, 0, 12, '{}', 7, 33),
(189, 7, 38, 0, 0, 12, '{}', 6, 33),
(190, 16, 107, -3, 0, 9, '{}', 4, 33),
(191, 16, 113, -3, 0, 9, '{}', 4, 33),
(192, 16, 129, 0, 0, 12, '{}', 6, 33),
(193, 16, 130, -2, 0, 6, '{}', 2, 33),
(194, 16, 101, -1, 0, 3, '{}', 1, 33),
(195, 16, 112, -1, 0, 3, '{}', 1, 33),
(196, 16, 117, -3, 0, 9, '{}', 4, 33),
(197, 16, 131, -1, 0, 3, '{}', 1, 33),
(198, 16, 132, -1, 0, 3, '{}', 1, 33),
(199, 16, 118, -3, 0, 9, '{}', 4, 33),
(200, 16, 100, -2, 0, 6, '{}', 2, 33),
(201, 16, 36, 0, 0, 12, '{}', 8, 33),
(202, 16, 133, -1, 0, 3, '{}', 1, 33),
(203, 16, 139, -3, 0, 9, '{}', 4, 33),
(204, 16, 37, -2, 0, 6, '{}', 3, 33),
(205, 16, 136, -2, 0, 6, '{}', 2, 33),
(206, 16, 105, -4, 0, 12, '{}', 5, 33),
(207, 16, 38, 0, 0, 12, '{}', 7, 33),
(208, 17, 101, -1, 0, 3, '{}', 1, 33),
(209, 17, 112, -1, 0, 3, '{}', 1, 33),
(210, 17, 117, -3, 0, 9, '{}', 5, 33),
(211, 17, 107, -2, 0, 6, '{}', 4, 33),
(212, 17, 118, -2, 0, 6, '{}', 4, 33),
(213, 17, 105, -3, 0, 9, '{}', 5, 33),
(214, 17, 114, -4, 0, 12, '{}', 7, 33),
(215, 17, 100, -1, 0, 3, '{}', 1, 33),
(216, 17, 115, -1, 0, 3, '{}', 1, 33),
(217, 17, 36, 0, 0, 12, '{}', 9, 33),
(218, 17, 133, -1, 0, 3, '{}', 1, 33),
(219, 17, 139, -2, 0, 6, '{}', 3, 33),
(220, 17, 39, -3, 0, 9, '{}', 5, 33),
(221, 17, 37, -1, 0, 3, '{}', 2, 33),
(222, 17, 111, -3, 0, 9, '{}', 5, 33),
(223, 17, 135, -4, 0, 12, '{}', 8, 33),
(224, 17, 108, -2, 0, 6, '{}', 4, 33),
(225, 17, 38, 0, 0, 12, '{}', 6, 33),
(226, 18, 107, -2, 0, 6, '{}', 3, 33),
(227, 18, 118, -1, 0, 3, '{}', 1, 33),
(228, 18, 105, -2, 0, 6, '{}', 3, 33),
(229, 18, 114, -4, 0, 12, '{}', 8, 33),
(230, 18, 115, -1, 0, 3, '{}', 1, 33),
(231, 18, 36, 0, 0, 12, '{}', 10, 33),
(232, 18, 37, -1, 0, 3, '{}', 2, 33),
(233, 18, 111, -3, 0, 9, '{}', 4, 33),
(234, 18, 135, -4, 0, 12, '{}', 9, 33),
(235, 18, 108, -2, 0, 6, '{}', 3, 33),
(236, 18, 103, -3, 0, 9, '{}', 5, 33),
(237, 18, 119, 0, 0, 9, '{}', 5, 33),
(238, 18, 38, 0, 0, 9, '{}', 6, 33),
(239, 18, 34, -3, 0, 9, '{}', 4, 33),
(240, 18, 137, -1, 0, 3, '{}', 1, 33),
(241, 18, 40, -2, 0, 6, '{}', 3, 33),
(242, 18, 41, -4, 0, 12, '{}', 7, 33),
(243, 19, 118, -1, 0, 3, '{}', 1, 33),
(244, 19, 105, -2, 0, 6, '{}', 2, 33),
(245, 19, 114, -4, 0, 12, '{}', 7, 33),
(246, 19, 115, -1, 0, 3, '{}', 1, 33),
(247, 19, 36, 0, 0, 12, '{}', 10, 33),
(248, 19, 134, -2, 0, 6, '{}', 2, 33),
(249, 19, 111, -3, 0, 9, '{}', 3, 33),
(250, 19, 135, -4, 0, 12, '{}', 8, 33),
(251, 19, 108, -1, 0, 3, '{}', 1, 33),
(252, 19, 119, 0, 0, 9, '{}', 4, 33),
(253, 19, 104, -4, 0, 12, '{}', 9, 33),
(254, 19, 38, 0, 0, 9, '{}', 5, 33),
(255, 19, 34, -3, 0, 9, '{}', 3, 33),
(256, 19, 137, -1, 0, 3, '{}', 1, 33),
(257, 19, 40, -2, 0, 6, '{}', 2, 33),
(258, 19, 41, -3, 0, 9, '{}', 6, 33),
(259, 19, 138, -2, 0, 6, '{}', 2, 33),
(260, 19, 116, -4, 0, 12, '{}', 11, 33),
(261, 20, 112, -1, 0, 3, '{}', 1, 33),
(262, 20, 133, -1, 0, 3, '{}', 1, 33),
(263, 20, 132, -1, 0, 3, '{}', 1, 33),
(264, 20, 131, -1, 0, 3, '{}', 1, 33),
(265, 20, 101, -1, 0, 3, '{}', 1, 33),
(266, 20, 100, -1, 0, 3, '{}', 2, 33),
(267, 20, 130, -1, 0, 3, '{}', 2, 33),
(268, 20, 136, -1, 0, 3, '{}', 2, 33),
(269, 20, 37, -1, 0, 3, '{}', 2, 33),
(270, 20, 139, -2, 0, 6, '{}', 4, 33),
(271, 20, 107, -2, 0, 6, '{}', 4, 33),
(272, 20, 118, -2, 0, 6, '{}', 4, 33),
(273, 20, 117, -2, 0, 6, '{}', 4, 33),
(274, 20, 113, -2, 0, 6, '{}', 4, 33),
(275, 20, 105, -3, 0, 9, '{}', 5, 33),
(276, 20, 129, -2, 0, 6, '{}', 3, 33),
(277, 20, 38, 0, 0, 9, '{}', 5, 33),
(278, 20, 36, 0, 0, 12, '{}', 8, 33),
(279, 20, 115, -2, 0, 6, '{}', 3, 33),
(280, 20, 108, -3, 0, 9, '{}', 5, 33),
(281, 20, 39, -3, 0, 9, '{}', 5, 33),
(282, 20, 111, -4, 0, 12, '{}', 6, 33),
(283, 20, 114, -4, 0, 12, '{}', 6, 33),
(284, 20, 135, -4, 0, 12, '{}', 6, 33),
(285, 20, 137, -2, 0, 6, '{}', 3, 33),
(286, 20, 40, -3, 0, 9, '{}', 5, 33),
(287, 20, 34, -2, 0, 6, '{}', 3, 33),
(288, 20, 103, -4, 0, 12, '{}', 6, 33),
(289, 20, 119, 0, 0, 6, '{}', 3, 33),
(290, 20, 41, -3, 0, 9, '{}', 5, 33),
(291, 20, 134, -3, 0, 9, '{}', 5, 33),
(292, 20, 138, -4, 0, 12, '{}', 6, 33),
(293, 20, 104, -4, 0, 12, '{}', 6, 33),
(294, 20, 116, -4, 0, 12, '{}', 7, 33),
(295, 21, 24, -1, 0, 3, '{}', 1, 33),
(296, 21, 121, -1, 0, 3, '{}', 1, 33),
(297, 21, 18, -1, 0, 3, '{}', 1, 33),
(298, 21, 26, -1, 0, 3, '{}', 1, 33),
(299, 21, 27, -2, 0, 6, '{}', 2, 33),
(300, 21, 22, -1, 0, 3, '{}', 1, 33),
(301, 21, 3, -1, 0, 3, '{}', 1, 33),
(302, 21, 30, -1, 0, 3, '{}', 1, 33),
(303, 21, 13, 0, 0, 9, '{}', 3, 33),
(304, 21, 16, -2, 0, 6, '{}', 2, 33),
(305, 21, 1, -1, 0, 3, '{}', 1, 33),
(306, 21, 19, -1, 0, 3, '{}', 1, 33),
(307, 21, 17, -1, 0, 3, '{}', 1, 33),
(308, 21, 127, 0, 0, 6, '{}', 2, 33),
(309, 21, 29, -4, 0, 12, '{}', 6, 33),
(310, 21, 4, -2, 0, 6, '{}', 2, 33),
(311, 21, 28, -2, 0, 6, '{}', 2, 33),
(312, 21, 124, -2, 0, 6, '{}', 2, 33),
(313, 21, 12, -3, 0, 9, '{}', 4, 33),
(314, 21, 7, -3, 0, 9, '{}', 5, 33),
(315, 21, 6, -4, 0, 12, '{}', 6, 33),
(316, 21, 14, -2, 0, 6, '{}', 2, 33),
(317, 21, 2, -2, 0, 6, '{}', 2, 33),
(318, 21, 8, -3, 0, 9, '{}', 5, 33),
(319, 21, 23, -3, 0, 9, '{}', 4, 33),
(320, 21, 126, -4, 0, 12, '{}', 6, 33),
(321, 21, 123, -3, 0, 9, '{}', 3, 33),
(322, 21, 33, -4, 0, 12, '{}', 6, 33),
(323, 21, 10, -4, 0, 12, '{}', 6, 33),
(324, 21, 5, -4, 0, 12, '{}', 6, 33),
(325, 21, 15, -3, 0, 9, '{}', 3, 33),
(326, 21, 9, -4, 0, 12, '{}', 6, 33),
(327, 21, 128, 0, 0, 12, '{}', 6, 33),
(328, 21, 21, -2, 0, 6, '{}', 2, 33),
(329, 21, 122, -3, 0, 9, '{}', 4, 33),
(330, 21, 125, 0, 0, 12, '{}', 6, 33),
(331, 22, 143, -3, 0, 9, '{}', 4, 33),
(334, 22, 140, -2, 0, 6, '{}', 1, 33),
(335, 22, 141, -2, 0, 6, '{}', 2, 33),
(336, 22, 142, -4, 0, 12, '{}', 3, 33),
(337, 22, 144, -2, 0, 6, '{}', 5, 33),
(338, 22, 145, -3, 0, 9, '{}', 7, 33),
(339, 22, 146, -2, 0, 6, '{}', 6, 33),
(340, 22, 147, -2, 0, 6, '{}', 8, 33),
(341, 22, 148, -3, 0, 9, '{}', 9, 33),
(342, 22, 149, -2, 0, 6, '{}', 10, 33),
(343, 22, 151, -2, 0, 6, '{}', 12, 33),
(344, 22, 150, -2, 0, 6, '{}', 11, 33),
(345, 22, 152, -3, 0, 9, '{}', 13, 33),
(346, 22, 153, -2, 0, 6, '{}', 14, 33),
(347, 22, 155, -2, 0, 6, '{}', 16, 33),
(348, 22, 154, -3, 0, 9, '{}', 15, 33),
(349, 22, 156, -2, 0, 6, '{}', 17, 33),
(350, 22, 157, -2, 0, 6, '{}', 18, 33),
(351, 22, 158, -3, 0, 9, '{}', 19, 33),
(352, 22, 159, -4, 0, 12, '{}', 20, 33),
(353, 22, 160, -3, 0, 9, '{}', 21, 33),
(354, 22, 161, -4, 0, 12, '{}', 22, 33),
(355, 22, 162, -2, 0, 6, '{}', 23, 33),
(356, 22, 163, -2, 0, 6, '{}', 24, 33),
(357, 22, 164, -2, 0, 6, '{}', 25, 33),
(358, 22, 165, -3, 0, 9, '{}', 26, 33),
(359, 22, 166, -3, 0, 9, '{}', 27, 33),
(360, 22, 167, -3, 0, 9, '{}', 28, 33),
(361, 22, 168, -2, 0, 6, '{}', 29, 33),
(362, 22, 169, -2, 0, 6, '{}', 30, 33),
(363, 22, 170, -2, 0, 6, '{}', 31, 33),
(364, 22, 171, -4, 0, 12, '{}', 32, 33),
(365, 22, 172, -2, 0, 6, '{}', 33, 33),
(366, 22, 173, -2, 0, 6, '{}', 34, 33),
(367, 22, 174, -3, 0, 9, '{}', 35, 33),
(368, 22, 175, -4, 0, 12, '{}', 36, 33),
(369, 22, 176, -2, 0, 6, '{}', 37, 33),
(370, 22, 177, -4, 0, 12, '{}', 38, 33),
(371, 23, 141, -2, 0, 6, '{}', 2, 33),
(372, 23, 145, -2, 0, 6, '{}', 2, 33),
(373, 23, 147, -3, 0, 9, '{}', 3, 33),
(374, 23, 149, -4, 0, 12, '{}', 5, 33),
(375, 23, 151, -4, 0, 12, '{}', 5, 33),
(376, 23, 153, -2, 0, 6, '{}', 2, 33),
(377, 23, 155, -4, 0, 12, '{}', 4, 33),
(378, 23, 156, -2, 0, 6, '{}', 1, 33),
(379, 23, 157, -3, 0, 9, '{}', 3, 33),
(380, 23, 163, -4, 0, 12, '{}', 5, 33),
(381, 23, 164, -4, 0, 12, '{}', 4, 33),
(382, 23, 166, -4, 0, 12, '{}', 4, 33),
(383, 23, 168, -2, 0, 6, '{}', 2, 33),
(384, 23, 169, -2, 0, 6, '{}', 1, 33),
(385, 23, 172, -3, 0, 9, '{}', 3, 33),
(386, 23, 173, -3, 0, 9, '{}', 3, 33),
(387, 23, 174, -3, 0, 9, '{}', 3, 33),
(388, 23, 175, -3, 0, 9, '{}', 3, 33),
(389, 24, 141, -2, 0, 6, '{}', 1, 33),
(390, 24, 143, -4, 0, 12, '{}', 3, 33),
(391, 24, 146, -4, 0, 12, '{}', 3, 33),
(392, 24, 147, -2, 0, 6, '{}', 1, 33),
(393, 24, 148, -4, 0, 12, '{}', 3, 33),
(394, 24, 149, -3, 0, 9, '{}', 2, 33),
(395, 24, 150, -4, 0, 12, '{}', 3, 33),
(396, 24, 151, -3, 0, 9, '{}', 2, 33),
(397, 24, 155, -3, 0, 9, '{}', 2, 33),
(398, 24, 157, -2, 0, 6, '{}', 1, 33),
(399, 24, 162, -4, 0, 12, '{}', 3, 33),
(400, 24, 163, -2, 0, 6, '{}', 1, 33),
(401, 24, 167, -4, 0, 12, '{}', 3, 33),
(402, 24, 170, -3, 0, 9, '{}', 2, 33),
(403, 24, 172, -2, 0, 6, '{}', 1, 33),
(404, 24, 173, -3, 0, 9, '{}', 2, 33),
(405, 24, 174, -3, 0, 9, '{}', 2, 33),
(406, 24, 175, -2, 0, 6, '{}', 1, 33),
(407, 25, 140, -2, 0, 6, '{}', 1, 33),
(408, 25, 141, -2, 0, 6, '{}', 1, 33),
(409, 25, 142, -4, 0, 12, '{}', 3, 33),
(410, 25, 144, -3, 0, 9, '{}', 2, 33),
(411, 25, 147, -2, 0, 6, '{}', 1, 33),
(412, 25, 149, -2, 0, 6, '{}', 1, 33),
(413, 25, 150, -3, 0, 9, '{}', 2, 33),
(414, 25, 152, -4, 0, 12, '{}', 3, 33),
(415, 25, 158, -3, 0, 9, '{}', 2, 33),
(416, 25, 159, -4, 0, 12, '{}', 3, 33),
(417, 25, 160, -4, 0, 12, '{}', 3, 33),
(418, 25, 162, -3, 0, 9, '{}', 2, 33),
(419, 25, 163, -2, 0, 6, '{}', 1, 33),
(420, 25, 165, -3, 0, 9, '{}', 2, 33),
(421, 25, 167, -3, 0, 9, '{}', 2, 33),
(422, 25, 170, -2, 0, 6, '{}', 1, 33),
(423, 25, 171, -4, 0, 12, '{}', 3, 33),
(424, 25, 177, -4, 0, 12, '{}', 3, 33),
(425, 26, 141, -2, 0, 6, '{}', 1, 33),
(426, 26, 142, -4, 0, 12, '{}', 3, 33),
(427, 26, 144, -2, 0, 6, '{}', 1, 33),
(428, 26, 146, -3, 0, 9, '{}', 2, 33),
(429, 26, 147, -2, 0, 6, '{}', 1, 33),
(430, 26, 150, -2, 0, 6, '{}', 1, 33),
(431, 26, 152, -3, 0, 9, '{}', 2, 33),
(432, 26, 154, -3, 0, 9, '{}', 2, 33),
(433, 26, 158, -3, 0, 9, '{}', 2, 33),
(434, 26, 159, -4, 0, 12, '{}', 3, 33),
(435, 26, 160, -3, 0, 9, '{}', 2, 33),
(436, 26, 161, -4, 0, 12, '{}', 3, 33),
(437, 26, 162, -2, 0, 6, '{}', 1, 33),
(438, 26, 163, -2, 0, 6, '{}', 1, 33),
(439, 26, 165, -3, 0, 9, '{}', 2, 33),
(440, 26, 171, -4, 0, 12, '{}', 3, 33),
(441, 26, 176, -4, 0, 12, '{}', 3, 33),
(442, 26, 177, -4, 0, 12, '{}', 3, 33),
(443, 27, 179, -3, 0, 3, '{}', 1, 33),
(444, 27, 194, -1, 0, 2, '{}', 1, 33),
(445, 27, 180, -2, 0, 3, '{}', 1, 33),
(446, 27, 208, -2, 0, 9, '{}', 5, 33),
(447, 27, 182, 0, 0, 3, '{}', 2, 33),
(448, 27, 183, -5, 0, 12, '{}', 9, 33),
(449, 27, 178, -2, 0, 8, '{}', 3, 33),
(450, 27, 184, 0, 0, 4, '{}', 2, 33),
(451, 27, 186, 0, 0, 10, '{}', 11, 33),
(453, 27, 188, 0, 0, 18, '{}', 12, 33),
(454, 27, 191, 0, 0, 14, '{}', 10, 33),
(455, 27, 192, 0, 0, 20, '{}', 4, 33),
(456, 27, 195, 0, 0, 11, '{}', 8, 33),
(457, 27, 198, 0, 0, 13, '{}', 7, 33),
(458, 27, 201, 0, 0, 7, '{}', 2, 33),
(459, 27, 199, -2, 0, 7, '{}', 3, 33),
(461, 30, 208, -3, 0, 6, '{}', 2, 33),
(462, 30, 182, 0, 0, 3, '{}', 1, 33),
(463, 30, 183, -4, 0, 9, '{}', 3, 33),
(464, 30, 178, -1, 0, 7, '{}', 2, 33),
(465, 30, 184, 0, 0, 4, '{}', 1, 33),
(466, 30, 185, -4, 0, 12, '{}', 7, 33),
(467, 30, 186, 0, 0, 7, '{}', 3, 33),
(468, 30, 187, 0, 0, 20, '{}', 11, 33),
(469, 30, 188, 0, 0, 19, '{}', 8, 33),
(470, 30, 189, -3, 0, 12, '{}', 3, 33),
(471, 30, 190, -4, 0, 13, '{}', 3, 33),
(472, 30, 191, 0, 0, 14, '{}', 9, 33),
(473, 30, 192, 0, 0, 18, '{}', 4, 33),
(474, 30, 195, 0, 0, 11, '{}', 6, 33),
(475, 30, 198, 0, 0, 9, '{}', 5, 33),
(476, 30, 201, 0, 0, 4, '{}', 2, 33),
(477, 30, 199, -2, 0, 5, '{}', 1, 33),
(479, 28, 185, -3, 0, 8, '{}', 2, 33),
(480, 28, 186, 0, 0, 6, '{}', 2, 33),
(481, 28, 187, 0, 0, 19, '{}', 7, 33),
(482, 28, 188, 0, 0, 18, '{}', 9, 33),
(483, 28, 189, -2, 0, 11, '{}', 3, 33),
(484, 28, 190, -2, 0, 5, '{}', 2, 33),
(485, 28, 191, 0, 0, 9, '{}', 3, 33),
(486, 28, 193, 0, 0, 20, '{}', 4, 33),
(487, 28, 195, 0, 0, 8, '{}', 8, 33),
(488, 28, 197, 0, 0, 10, '{}', 5, 33),
(489, 28, 200, 0, 0, 4, '{}', 1, 33),
(490, 28, 201, 0, 0, 2, '{}', 1, 33),
(491, 28, 203, -4, 0, 12, '{}', 3, 33),
(492, 28, 202, -3, 0, 9, '{}', 6, 33),
(493, 28, 204, -4, 0, 11, '{}', 11, 33),
(495, 28, 206, -3, 0, 11, '{}', 12, 33),
(497, 29, 185, -3, 0, 3, '{}', 1, 33),
(498, 29, 186, 0, 0, 4, '{}', 1, 33),
(499, 29, 187, 0, 0, 14, '{}', 7, 33),
(500, 29, 188, 0, 0, 9, '{}', 3, 33),
(501, 29, 189, -2, 0, 3, '{}', 2, 33),
(502, 29, 190, -2, 0, 5, '{}', 1, 33),
(503, 29, 191, 0, 0, 8, '{}', 6, 33),
(504, 29, 193, 0, 0, 20, '{}', 4, 33),
(505, 29, 196, 0, 0, 15, '{}', 8, 33),
(506, 29, 197, 0, 0, 10, '{}', 3, 33),
(507, 29, 200, 0, 0, 3, '{}', 2, 33),
(508, 29, 203, -3, 0, 8, '{}', 3, 33),
(509, 29, 202, -3, 0, 9, '{}', 2, 33),
(510, 29, 204, -5, 0, 11, '{}', 9, 33),
(511, 29, 205, 0, 0, 18, '{}', 12, 33),
(512, 29, 206, -5, 0, 12, '{}', 10, 33),
(513, 29, 207, 0, 0, 19, '{}', 11, 33),
(514, 31, 179, -1, 0, 3, '{}', 1, 33),
(515, 31, 194, -1, 0, 3, '{}', 2, 33),
(516, 31, 180, -1, 0, 3, '{}', 2, 33),
(517, 31, 181, -1, 0, 3, '{}', 4, 33),
(518, 31, 182, -1, 0, 3, '{}', 5, 33),
(519, 31, 183, -1, 0, 3, '{}', 6, 33),
(520, 31, 178, -1, 0, 3, '{}', 7, 33),
(521, 31, 184, -1, 0, 3, '{}', 8, 33),
(522, 31, 185, -1, 0, 3, '{}', 9, 33),
(523, 31, 186, -1, 0, 3, '{}', 10, 33),
(524, 31, 187, -1, 0, 3, '{}', 11, 33),
(525, 31, 188, -1, 0, 3, '{}', 12, 33),
(526, 31, 189, -1, 0, 3, '{}', 13, 33),
(527, 31, 190, -1, 0, 3, '{}', 14, 33),
(528, 31, 191, -1, 0, 3, '{}', 15, 33),
(529, 31, 192, -1, 0, 3, '{}', 16, 33),
(530, 31, 193, -1, 0, 3, '{}', 17, 33),
(531, 31, 195, -1, 0, 3, '{}', 18, 33),
(532, 31, 196, -1, 0, 3, '{}', 19, 33),
(533, 31, 197, -1, 0, 3, '{}', 20, 33),
(534, 31, 198, -1, 0, 3, '{}', 21, 33),
(535, 31, 200, -1, 0, 3, '{}', 22, 33),
(536, 31, 201, -1, 0, 3, '{}', 23, 33),
(537, 31, 203, -1, 0, 3, '{}', 24, 33),
(538, 31, 199, -1, 0, 3, '{}', 25, 33),
(539, 31, 202, -1, 0, 3, '{}', 26, 33),
(540, 31, 204, -1, 0, 3, '{}', 27, 33),
(541, 31, 205, -1, 0, 3, '{}', 28, 33),
(542, 31, 206, -1, 0, 3, '{}', 29, 33),
(543, 31, 207, -1, 0, 3, '{}', 30, 33),
(544, 27, 190, -4, 0, 11, '{}', 3, 33),
(545, 30, 197, 0, 0, 10, '{}', 10, 33),
(546, 28, 181, -4, 0, 13, '{}', 10, 33),
(547, 28, 183, -2, 0, 3, '{}', 1, 33),
(548, 29, 181, -5, 0, 8, '{}', 5, 33),
(549, 31, 208, -1, 0, 3, '{}', 3, 33),
(670, 32, 226, 0, 0, 8, '{}', 0, 33),
(671, 32, 215, 0, 0, 10, '{&quot;difficulty&quot;:&quot;hard&quot;}', 14, 33),
(672, 32, 209, 0, 0, 8, '{&quot;difficulty&quot;:&quot;easy&quot;}', 13, 33),
(673, 32, 222, 0, 0, 13, '{}', 12, 33),
(674, 32, 213, 0, 0, 12, '{&quot;difficulty&quot;:&quot;hard&quot;}', 12, 33),
(675, 32, 227, 0, 0, 11, '{}', 12, 33),
(676, 32, 220, 0, 0, 10, '{&quot;difficulty&quot;:&quot;easy&quot;}', 9, 33),
(677, 32, 221, 0, 0, 6, '{&quot;difficulty&quot;:&quot;easy&quot;}', 9, 33),
(678, 32, 223, 0, 0, 9, '{&quot;difficulty&quot;:&quot;easy&quot;}', 9, 33),
(679, 32, 218, 0, 0, 8, '{&quot;difficulty&quot;:&quot;hard&quot;}', 7, 33),
(680, 32, 214, 0, 0, 11, '{}', 7, 33),
(681, 32, 217, 0, 0, 12, '{&quot;difficulty&quot;:&quot;easy&quot;}', 4, 33),
(682, 32, 216, 0, 0, 9, '{}', 4, 33),
(683, 32, 224, 0, 0, 8, '{}', 4, 33),
(684, 32, 219, 0, 0, 10, '{&quot;difficulty&quot;:&quot;easy&quot;}', 2, 33),
(685, 32, 225, 0, 0, 10, '{&quot;difficulty&quot;:&quot;easy&quot;}', 2, 33),
(686, 32, 212, 0, 0, 10, '{&quot;difficulty&quot;:&quot;easy&quot;}', 0, 33),
(687, 32, 233, 0, 0, 12, '{&quot;difficulty&quot;:&quot;many&quot;}', 15, 33),
(688, 36, 226, 0, 0, 8, '{}', 0, 33),
(689, 36, 215, 0, 0, 10, '{&quot;difficulty&quot;:&quot;hard&quot;}', 14, 33),
(690, 36, 209, 0, 0, 8, '{&quot;difficulty&quot;:&quot;easy&quot;}', 13, 33),
(691, 36, 222, 0, 0, 13, '{}', 12, 33),
(692, 36, 213, 0, 0, 12, '{&quot;difficulty&quot;:&quot;hard&quot;}', 12, 33),
(693, 36, 227, 0, 0, 11, '{}', 12, 33),
(694, 36, 220, 0, 0, 10, '{&quot;difficulty&quot;:&quot;easy&quot;}', 9, 33),
(695, 36, 221, 0, 0, 6, '{&quot;difficulty&quot;:&quot;easy&quot;}', 9, 33),
(696, 36, 223, 0, 0, 9, '{&quot;difficulty&quot;:&quot;easy&quot;}', 9, 33),
(697, 36, 218, 0, 0, 8, '{&quot;difficulty&quot;:&quot;hard&quot;}', 7, 33),
(698, 36, 214, 0, 0, 11, '{}', 7, 33),
(699, 36, 217, 0, 0, 12, '{&quot;difficulty&quot;:&quot;easy&quot;}', 4, 33),
(700, 36, 216, 0, 0, 9, '{}', 4, 33),
(701, 36, 224, 0, 0, 8, '{}', 4, 33),
(702, 36, 219, 0, 0, 10, '{&quot;difficulty&quot;:&quot;easy&quot;}', 2, 33),
(703, 36, 225, 0, 0, 10, '{&quot;difficulty&quot;:&quot;easy&quot;}', 2, 33),
(704, 36, 212, 0, 0, 10, '{&quot;difficulty&quot;:&quot;easy&quot;}', 1, 33),
(705, 36, 233, 0, 0, 12, '{&quot;difficulty&quot;:&quot;many&quot;}', 15, 33),
(706, 33, 226, 0, 0, 8, '{}', 0, 33),
(707, 33, 215, 0, 0, 10, '{&quot;difficulty&quot;:&quot;hard&quot;}', 16, 33),
(708, 33, 209, 0, 0, 9, '{&quot;difficulty&quot;:&quot;hard&quot;}', 12, 33),
(709, 33, 222, 0, 0, 12, '{}', 12, 33),
(710, 33, 213, 0, 0, 11, '{&quot;difficulty&quot;:&quot;hard&quot;}', 12, 33),
(711, 33, 227, 0, 0, 13, '{}', 12, 33),
(712, 33, 220, 0, 0, 9, '{&quot;difficulty&quot;:&quot;easy&quot;}', 9, 33),
(713, 33, 221, 0, 0, 8, '{&quot;difficulty&quot;:&quot;easy&quot;}', 9, 33),
(714, 33, 223, 0, 0, 10, '{&quot;difficulty&quot;:&quot;easy&quot;}', 9, 33),
(715, 33, 218, 0, 0, 12, '{&quot;difficulty&quot;:&quot;hard&quot;}', 7, 33),
(716, 33, 214, 0, 0, 11, '{}', 7, 33),
(717, 33, 217, 0, 0, 10, '{&quot;difficulty&quot;:&quot;easy&quot;}', 4, 33),
(718, 33, 216, 0, 0, 9, '{}', 4, 33),
(719, 33, 224, 0, 0, 8, '{}', 4, 33),
(720, 33, 219, 0, 0, 13, '{&quot;difficulty&quot;:&quot;easy&quot;}', 2, 33),
(721, 33, 225, 0, 0, 12, '{&quot;difficulty&quot;:&quot;easy&quot;}', 2, 33),
(722, 33, 212, 0, 0, 11, '{&quot;difficulty&quot;:&quot;hard&quot;}', 1, 33),
(723, 33, 233, 0, 0, 12, '{&quot;difficulty&quot;:&quot;many&quot;}', 17, 33),
(724, 37, 226, 0, 0, 8, '{}', 0, 33),
(725, 37, 215, 0, 0, 10, '{&quot;difficulty&quot;:&quot;hard&quot;}', 16, 33),
(726, 37, 209, 0, 0, 9, '{&quot;difficulty&quot;:&quot;hard&quot;}', 12, 33),
(727, 37, 222, 0, 0, 12, '{}', 12, 33),
(728, 37, 213, 0, 0, 11, '{&quot;difficulty&quot;:&quot;hard&quot;}', 12, 33),
(729, 37, 227, 0, 0, 13, '{}', 12, 33),
(730, 37, 220, 0, 0, 9, '{&quot;difficulty&quot;:&quot;easy&quot;}', 9, 33),
(731, 37, 221, 0, 0, 8, '{&quot;difficulty&quot;:&quot;easy&quot;}', 9, 33),
(732, 37, 223, 0, 0, 10, '{&quot;difficulty&quot;:&quot;easy&quot;}', 9, 33),
(733, 37, 218, 0, 0, 12, '{&quot;difficulty&quot;:&quot;hard&quot;}', 7, 33),
(734, 37, 214, 0, 0, 11, '{}', 7, 33),
(735, 37, 217, 0, 0, 10, '{&quot;difficulty&quot;:&quot;easy&quot;}', 4, 33),
(736, 37, 216, 0, 0, 9, '{}', 4, 33),
(737, 37, 224, 0, 0, 8, '{}', 4, 33),
(738, 37, 219, 0, 0, 13, '{&quot;difficulty&quot;:&quot;easy&quot;}', 2, 33),
(739, 37, 225, 0, 0, 12, '{&quot;difficulty&quot;:&quot;easy&quot;}', 2, 33),
(740, 37, 212, 0, 0, 11, '{&quot;difficulty&quot;:&quot;hard&quot;}', 0, 33),
(741, 37, 233, 0, 0, 12, '{&quot;difficulty&quot;:&quot;many&quot;}', 17, 33),
(742, 34, 212, 0, 0, 10, '{&quot;difficulty&quot;:&quot;hard&quot;}', 0, 33),
(743, 34, 233, 0, 0, 12, '{&quot;difficulty&quot;:&quot;many&quot;}', 17, 33),
(744, 34, 215, 0, 0, 10, '{&quot;difficulty&quot;:&quot;hard&quot;}', 16, 33),
(745, 34, 209, 0, 0, 9, '{&quot;difficulty&quot;:&quot;hard&quot;}', 11, 33),
(746, 34, 223, 0, 0, 11, '{&quot;difficulty&quot;:&quot;hard&quot;}', 11, 33),
(747, 34, 222, 0, 0, 8, '{}', 11, 33),
(748, 34, 220, 0, 0, 12, '{&quot;difficulty&quot;:&quot;hard&quot;}', 11, 33),
(749, 34, 219, 0, 0, 9, '{&quot;difficulty&quot;:&quot;hard&quot;}', 11, 33),
(750, 34, 227, 0, 0, 10, '{}', 9, 33),
(751, 34, 211, 0, 0, 9, '{}', 9, 33),
(752, 34, 213, 0, 0, 10, '{&quot;difficulty&quot;:&quot;hard&quot;}', 5, 33),
(753, 34, 221, 0, 0, 8, '{&quot;difficulty&quot;:&quot;easy&quot;}', 5, 33),
(754, 34, 218, 0, 0, 12, '{&quot;difficulty&quot;:&quot;hard&quot;}', 5, 33),
(755, 34, 214, 0, 0, 11, '{}', 5, 33),
(756, 34, 225, 0, 0, 11, '{&quot;difficulty&quot;:&quot;hard&quot;}', 2, 33),
(757, 34, 217, 0, 0, 12, '{&quot;difficulty&quot;:&quot;hard&quot;}', 2, 33),
(758, 34, 216, 0, 0, 8, '{}', 2, 33),
(759, 34, 224, 0, 0, 9, '{}', 0, 33),
(760, 35, 212, 0, 0, 8, '{&quot;difficulty&quot;:&quot;hard&quot;}', 0, 33),
(761, 35, 229, 0, 0, 8, '{}', 17, 33),
(762, 35, 215, 0, 0, 14, '{&quot;difficulty&quot;:&quot;hard&quot;}', 16, 33),
(763, 35, 209, 0, 0, 10, '{&quot;difficulty&quot;:&quot;hard&quot;}', 11, 33),
(764, 35, 223, 0, 0, 11, '{&quot;difficulty&quot;:&quot;hard&quot;}', 11, 33),
(765, 35, 222, 0, 0, 10, '{}', 11, 33),
(766, 35, 220, 0, 0, 12, '{&quot;difficulty&quot;:&quot;hard&quot;}', 11, 33),
(767, 35, 219, 0, 0, 11, '{&quot;difficulty&quot;:&quot;hard&quot;}', 11, 33),
(768, 35, 227, 0, 0, 10, '{}', 9, 33),
(769, 35, 211, 0, 0, 9, '{}', 9, 33),
(770, 35, 213, 0, 0, 8, '{&quot;difficulty&quot;:&quot;hard&quot;}', 5, 33),
(771, 35, 221, 0, 0, 7, '{&quot;difficulty&quot;:&quot;easy&quot;}', 5, 33),
(772, 35, 218, 0, 0, 10, '{&quot;difficulty&quot;:&quot;hard&quot;}', 5, 33),
(773, 35, 214, 0, 0, 9, '{}', 5, 33),
(774, 35, 225, 0, 0, 12, '{&quot;difficulty&quot;:&quot;hard&quot;}', 2, 33),
(775, 35, 217, 0, 0, 11, '{&quot;difficulty&quot;:&quot;hard&quot;}', 2, 33),
(776, 35, 216, 0, 0, 10, '{}', 2, 33),
(777, 35, 224, 0, 0, 9, '{}', 0, 33),
(778, 35, 233, 0, 0, 12, '{&quot;difficulty&quot;:&quot;many&quot;}', 18, 33),
(780, 48, 184, -3, 0, 6, '{}', 0, 33),
(781, 48, 185, -3, 0, 6, '{}', 1, 33),
(782, 48, 105, -3, 0, 6, '{}', 2, 33),
(783, 48, 136, -3, 0, 6, '{}', 3, 33),
(784, 48, 34, -3, 0, 6, '{}', 4, 33),
(785, 48, 36, -3, 0, 6, '{}', 5, 33),
(786, 48, 192, -3, 0, 6, '{}', 6, 33),
(787, 49, 200, -3, 0, 6, '{}', 0, 33),
(788, 49, 38, -3, 0, 6, '{}', 1, 33),
(789, 49, 138, -3, 0, 6, '{}', 2, 33),
(790, 49, 196, -3, 0, 6, '{}', 3, 33),
(791, 49, 115, -3, 0, 6, '{}', 4, 33),
(792, 49, 187, -3, 0, 6, '{}', 5, 33),
(793, 49, 135, -3, 0, 6, '{}', 6, 33),
(794, 50, 201, -3, 0, 6, '{}', 0, 33),
(795, 50, 122, -3, 0, 6, '{}', 1, 33),
(796, 50, 129, -3, 0, 6, '{}', 2, 33),
(797, 50, 135, -3, 0, 6, '{}', 3, 33),
(798, 50, 41, -3, 0, 6, '{}', 4, 33),
(799, 50, 191, -3, 0, 6, '{}', 5, 33),
(800, 50, 192, -3, 0, 6, '{}', 6, 33),
(811, 51, 243, 0, 0, 8, '{}', 0, 33),
(813, 51, 240, 0, 0, 16, '{}', 8, 33),
(814, 51, 239, 0, 0, 15, '{}', 7, 33),
(815, 51, 235, 0, 0, 14, '{}', 6, 33),
(816, 51, 238, 0, 0, 12, '{}', 4, 33),
(817, 51, 237, 0, 0, 11, '{}', 3, 33),
(818, 51, 236, 0, 0, 10, '{}', 2, 33),
(819, 51, 241, 0, 0, 9, '{}', 1, 33),
(820, 51, 234, 0, 0, 13, '{}', 5, 33),
(821, 53, 212, 0, 0, 10, '{&quot;difficulty&quot;:&quot;easy&quot;}', 1, 33),
(822, 53, 226, 0, 0, 10, '{}', 0, 33),
(823, 53, 217, 0, 0, 10, '{&quot;difficulty&quot;:&quot;easy&quot;}', 4, 33),
(824, 53, 225, 0, 0, 10, '{&quot;difficulty&quot;:&quot;easy&quot;}', 7, 33),
(825, 53, 219, 0, 0, 10, '{&quot;difficulty&quot;:&quot;easy&quot;}', 6, 33),
(826, 53, 223, 0, 0, 10, '{&quot;difficulty&quot;:&quot;easy&quot;}', 5, 33),
(827, 53, 214, 0, 0, 10, '{}', 3, 33),
(828, 53, 209, 0, 0, 10, '{&quot;difficulty&quot;:&quot;easy&quot;}', 2, 33),
(829, 53, 216, 0, 0, 10, '{&quot;difficulty&quot;:&quot;easy&quot;}', 9, 33),
(830, 53, 213, 0, 0, 10, '{&quot;difficulty&quot;:&quot;easy&quot;}', 10, 33),
(831, 55, 214, 0, 0, 10, '{}', 0, 33),
(834, 55, 137, 0, 0, 10, '{}', 0, 33),
(838, 55, 125, 0, 0, 10, '{}', 0, 33),
(839, 55, 126, 0, 0, 10, '{}', 0, 33),
(840, 55, 34, 0, 0, 10, '{}', 0, 33),
(841, 55, 134, 0, 0, 10, '{}', 0, 33),
(842, 55, 202, 0, 0, 10, '{}', 0, 33),
(843, 55, 203, 0, 0, 10, '{}', 0, 33),
(844, 55, 111, 0, 0, 10, '{}', 0, 33),
(845, 55, 6, 0, 0, 10, '{}', 0, 33),
(846, 55, 162, 0, 0, 10, '{}', 0, 33),
(847, 55, 159, 0, 0, 10, '{}', 0, 33),
(849, 55, 14, 0, 0, 10, '{}', 0, 33),
(850, 55, 183, 0, 0, 10, '{}', 0, 33),
(851, 55, 148, 0, 0, 10, '{}', 0, 33),
(852, 55, 2, 0, 0, 10, '{}', 0, 33),
(854, 55, 1, 0, 0, 10, '{}', 0, 33),
(855, 55, 174, 0, 0, 10, '{}', 0, 33);

--
-- Dumping data for table `grade`
--

INSERT INTO `grade` (`ID`, `name`) VALUES
(-4, 'Autre'),
(-1, 'Professeur'),
(4, 'CM1'),
(5, 'CM2'),
(6, '6 e.'),
(7, '5 e.'),
(8, '4 e.'),
(9, '3 e.'),
(10, 'seconde'),
(11, 'première'),
(12, 'terminale'),
(13, 'seconde pro.'),
(14, 'première pro.'),
(15, 'terminale pro.');

INSERT INTO `synchro_version` (`iVersion`) VALUES
(316);

COMMIT;
